 What is the remainder when k is divided by (56/(-6))/((-16)/a)?
13
Let k(u) = 25*u - 2. Let y be -21 + 4 + (3 - 4). Let z = -16 - y. What is the remainder when k(z) is divided by 10?
8
Let d = 84 + 21. Calculate the remainder when d is divided by 36.
33
Let p be 70/8 - 3/4. Suppose 4*m - 60 + 16 = 0. Suppose p = t - m. What is the remainder when t is divided by 11?
8
Suppose -30*n + 22*n = -1344. What is the remainder when n is divided by 17?
15
Let o = -8 + 17. Suppose 0 = -3*a - 6, -4*a - 15 = -t + 100. Calculate the remainder when t is divided by o.
8
Let z = 66 + -62. Suppose 4*y + 0*d - 3*d = 147, z*y - 112 = -4*d. Calculate the remainder when 129 is divided by y.
30
Calculate the remainder when (38/6)/(2/6) is divided by (-8)/8*3*1 + 9.
1
Let z(h) be the third derivative of -h**6/120 + 11*h**5/60 - h**4/3 + 2*h**3/3 - 3*h**2. What is the remainder when z(10) is divided by (39/9 + 0)*3?
11
Let d(q) = 15 + 5*q + 6*q + q**2 - 5*q**2 + 5*q**2. Let f(b) = 4*b - 2. Let u be f(-2). What is the remainder when 9 is divided by d(u)?
4
Let s = 28 - 17. Let z(b) = 6 - b - 4*b + 4*b + 2*b. Calculate the remainder when z(14) is divided by s.
9
Suppose 3*f + 60 = -5*l, 4*l + 19 = -3*f - 26. Let i(q) = -q**2 - 14*q + 17. Calculate the remainder when 2 is divided by i(l).
0
Let t = -56 + 71. Suppose 4*w + 12 = 0, 2*w = 4*h + 5*w - t. Calculate the remainder when 33 is divided by h.
3
Let z be (-6)/8*(-56)/21. Let y(b) = -z*b**3 - 6 + 0 + 0*b**3 + b + 3*b**3. Calculate the remainder when 46 is divided by y(3).
22
Let z(g) = 2*g**2 + 15*g + 13. Let m be z(-6). Suppose -2*i + 3*b = 100, 5*b - 9 = i + 41. Calculate the remainder when (-4)/m*i/(-4) is divided by 6.
4
Suppose 0*v - 135 = -3*v. Suppose 192 = 2*x + 6*x. What is the remainder when v is divided by x?
21
Suppose 2*v + 2*v - 96 = 0. Calculate the remainder when 131/4 + (275/44 - 5) is divided by 5*(v/10 + 0).
10
Suppose -7*t = -93 - 26. Calculate the remainder when t is divided by 9.
8
Let l be ((-17)/(-2))/((-2)/(-16)). Suppose 0 = 3*t - 5*c - 92, 0*t - 2*t + 5*c = -l. What is the remainder when 118 is divided by t?
22
Suppose -12 = -2*i - i. Let j(o) = -1 + 10 - 9 - 6*o + 2*o**2. What is the remainder when 23 is divided by j(i)?
7
Let p = 23 + -19. Suppose p*w = 20 + 4. What is the remainder when 10 is divided by w?
4
Suppose 3*i - 3*s = 0, 5*i - 14 = 3*s - 4. Suppose 2*l = i*l - 309. Calculate the remainder when l is divided by 35.
33
Suppose 0 = 6*y - y. Let o = y + 2. Suppose o*m = -m + 3. Calculate the remainder when 3 is divided by m.
0
Suppose u + 4*d - 11 - 9 = 0, d + 4 = 0. Let j = u + -18. Calculate the remainder when 88 is divided by j.
16
Let x(t) = -t**3 + 7*t**2 - 4*t. Suppose b = 73 - 19. Let r = b + -34. Calculate the remainder when r is divided by x(6).
8
Let f = -559 - -1240. What is the remainder when f is divided by 19?
16
Let p(j) = j**3 - 28*j**2 + 28*j + 35. Let l be p(27). Suppose -l*c + 61*c + 11 = 0. Calculate the remainder when c is divided by 6.
5
Suppose -6*g + 6 = -0. What is the remainder when -1276*7/(-98) - g/7 is divided by 16?
11
Suppose 12*g - 15*g + 9 = 0. Suppose 2*y = g*u - 45, 2*u + 0*y = 2*y + 30. Calculate the remainder when u is divided by 6.
3
Suppose -2*j + 3*j - 11 = -3*y, -41 = -5*j - y. What is the remainder when j is divided by (6/5)/(74/185)?
2
Suppose 59 + 4 = 7*j. Suppose 0 = -j*g + 48 + 15. What is the remainder when 13 is divided by g?
6
Suppose -2*s = 4*v - 0*s + 272, -5*s = 3*v + 218. What is the remainder when (-1)/((v/(-1068))/(-11)) is divided by 36?
34
Let v = -29 - -28. What is the remainder when (-97)/(v - (1 + -1)) is divided by 25?
22
Let n(x) = 2*x**2 + 9*x + 9. Let d be n(-5). Let y = 5 + d. Suppose -2*l - 1 = -21. Calculate the remainder when y is divided by l.
9
Let z = -35 - -37. Suppose -4*l - 46 = -z*y, 4*l = y - 9 - 22. Calculate the remainder when y is divided by 9.
6
Let o = 90 - 88. What is the remainder when 3 is divided by o?
1
Let f = 1 - -4. Suppose -50 = -f*q + 5. What is the remainder when q is divided by (-63)/(-21) - 1/(-1)?
3
Let t(m) = m**2 + m + 46. Calculate the remainder when t(0) is divided by ((1 - -4) + -3 + -6)*-6.
22
Let v(u) = 12*u + 300. What is the remainder when 93 is divided by v(-22)?
21
Let q = -9 - -22. Suppose w - 43 = -2*i, -83 = -2*w - 13*i + 8*i. What is the remainder when w is divided by q?
10
Let v be 110/(-33)*12/(-10). Suppose -m = v*m - 260. Suppose 2*o = -0*o + m. What is the remainder when o is divided by 9?
8
Suppose w - 92 = 12. Let b = w - 92. Calculate the remainder when 129 is divided by b.
9
Let d(m) = 35*m**2 - 8*m - 10. Calculate the remainder when d(-3) is divided by 17.
6
Let b(q) = 49*q - 47. Let n(j) = j**2 - j - 4. What is the remainder when n(3) is divided by b(1)?
0
Suppose 0 = 4*q - 3*q - 18. Suppose 0 = -5*w - w + q. Suppose -4*z + z - 2*h + 31 = 0, -h - 16 = -w*z. What is the remainder when z is divided by 4?
3
Suppose -2*s + 5*o = -66 + 11, 3*s - o = 102. Calculate the remainder when 137 is divided by s.
32
Suppose 2*j = -3*w + 249, 5*j - 4*w - 634 = -0*w. What is the remainder when j is divided by 47?
32
Let b = -381 + 399. What is the remainder when (-4)/(-14) - 729/(-21) is divided by b?
17
Suppose -224 = 12*l - 1736. What is the remainder when l is divided by 36?
18
Let r be 2 + (-9 + 1)/1. Let s(x) = -x + 12. Let g be s(-7). Let d = r + g. Calculate the remainder when 37 is divided by d.
11
Let u(p) = -6*p - 18. Let y(x) = x - 10. Let o be y(6). Calculate the remainder when 41 is divided by u(o).
5
Let n be (114/(-18))/(1 + (-12)/9). Let z = -5 + 6. Let f = n + z. What is the remainder when 57 is divided by f?
17
Suppose -2*f = -5*f + 192. Calculate the remainder when f is divided by (-330)/(-25) - (-5)/(-25).
12
Suppose 80 = 13*f - 3*f. Suppose 4*j = f, -i - i + 30 = 4*j. Let k(b) = b**3 + b**2 - b - 3. Calculate the remainder when k(3) is divided by i.
8
Let c be ((-237)/(-9))/((-2)/(-6)). Let v be 1/1*(c - 0). Suppose 0 = -2*r - 5*b + v, -5*b = -33 + 8. What is the remainder when 105 is divided by r?
24
Suppose 6 = 2*k, 10*j = 8*j - 3*k + 45. Calculate the remainder when j is divided by (-1 + 4)*20/6.
8
Suppose j - 2*j + 6 = 0. Suppose 7*p = 2*p - x + 16, 2*x + 16 = 2*p. Suppose -p*u = -1 - 39. What is the remainder when u is divided by j?
4
Suppose 3*d - 5 = -2*g, -2*g + 4*d = -3*g. Suppose 2*v - g*p + 34 = 3*v, 3*v = 4*p + 86. Calculate the remainder when v is divided by 16.
14
Suppose d + 271 = 5*o, d - 57 = -o + 4*d. Calculate the remainder when o is divided by 29.
25
Let j(k) = 0*k**2 - 3 + 2*k + 0*k**2 + k**2. Let n = 198 - 195. What is the remainder when 34 is divided by j(n)?
10
Let v = 531 - 349. Let y be 24/(-32) + v/8. Suppose y = -3*k + 67. Calculate the remainder when k is divided by 4.
3
Suppose 0 = 172*j - 168*j - 112. Calculate the remainder when ((-6)/(-18))/((-1)/(-249)) is divided by j.
27
Suppose 247 + 1034 = 21*v. What is the remainder when 167 is divided by v?
45
Suppose -5*u = 3*x - 66, 5*u + 2*x - 6*x - 52 = 0. Let q = u + -9. Suppose q*j - j = 18. Calculate the remainder when 33 is divided by j.
6
What is the remainder when 4293/(-18)*(-2)/9 is divided by (-3)/1*(-28)/6?
11
Let g = -47 + 166. Suppose 15*n = -81*n + 184 + 968. What is the remainder when g is divided by n?
11
What is the remainder when (-12)/10 + (-4294)/(-95) is divided by 30?
14
Let m be 3/(-15) + 2/10. Suppose m = 5*a - 4*g + 217, a - 22 = -5*g - 77. Let z = a - -69. What is the remainder when 69 is divided by z?
21
Let q(h) = 10*h**2 - h - 12. What is the remainder when 206 is divided by q(2)?
24
Let s(p) = -21 + 3*p + 43*p**3 + 37 - 18 - 2*p**2. Calculate the remainder when 123 is divided by s(1).
39
Let u(f) = f**2 - 5*f - 2. Suppose 5*t = -2*y - 1, -2*t = 4*y + 11 - 1. What is the remainder when (-638)/(-10) + 28/(-35) is divided by u(y)?
19
Suppose 8*y = 3*d + 3*y - 69, -2*y = -6. Let h(r) = 0*r + 0*r - 11*r - 7. Calculate the remainder when d is divided by h(-2).
13
Let f = 26 - 7. Let u be (9/((-108)/(-232)))/((-2)/(-9)). Let i = u + -80. Calculate the remainder when f is divided by i.
5
Let h(g) = -15*g - 21. Let w(s) = 7*s + 10. Let o(t) = -2*h(t) - 5*w(t). What is the remainder when 40 is divided by o(-6)?
18
What is the remainder when 44 is divided by (